{"id":62,"date":"2022-12-06T08:16:10","date_gmt":"2022-12-06T08:16:10","guid":{"rendered":"http:\/\/www.kjellerup-esport.dk\/?page_id=62"},"modified":"2024-06-07T12:35:59","modified_gmt":"2024-06-07T12:35:59","slug":"bliv-frivillig","status":"publish","type":"page","link":"http:\/\/www.kjellerup-esport.dk\/index.php\/om-os\/bliv-frivillig\/","title":{"rendered":"BLIV FRIVILLIG"},"content":{"rendered":"\n<p>Hos Kjellerup Esport er vi altid \u00e5bne for at h\u00f8re fra engagerede personer, der \u00f8nsker at blive en del af vores f\u00e6llesskab. Du beh\u00f8ver ikke at v\u00e6re en erfaren gamer eller teknisk ekspert; det vigtigste er, at du er villig til at bidrage med din hj\u00e6lp.<\/p>\n\n\n\n<p>Social gaming er et hold, hvor b\u00f8rn fra 6+ kan komme og hygge sig med gaming. De spiller med hinanden, nogen spiller for sig selv, men vigtigst af alt er, at de er en del af et socialt f\u00e6llesskab. Som frivillig vil man nemt kunne varetage s\u00e5dan et hold. Det kr\u00e6ver at man har mere eller mindre erfaring med forskellige programmer. Hvis du har mindre, hj\u00e6lper vi selvf\u00f8lgelig med at f\u00e5 dig sat godt ind i tingene.<\/p>\n\n\n\n<p>Skulle det v\u00e6re noget for dig &#8211; s\u00e5 kontakt os \ud83d\ude42<\/p>\n","protected":false},"excerpt":{"rendered":"<p>Hos Kjellerup Esport er vi altid \u00e5bne for at h\u00f8re fra engagerede personer, der \u00f8nsker at blive en del af vores f\u00e6llesskab. Du beh\u00f8ver ikke at v\u00e6re en erfaren gamer eller teknisk ekspert; det vigtigste er, at du er villig til at bidrage med din hj\u00e6lp. Social gaming er et hold, hvor b\u00f8rn fra 6+&#8230;<\/p>\n","protected":false},"author":1,"featured_media":0,"parent":26,"menu_order":1,"comment_status":"closed","ping_status":"closed","template":"","meta":{"footnotes":""},"class_list":["post-62","page","type-page","status-publish","hentry"],"_links":{"self":[{"href":"http:\/\/www.kjellerup-esport.dk\/index.php\/wp-json\/wp\/v2\/pages\/62","targetHints":{"allow":["GET"]}}],"collection":[{"href":"http:\/\/www.kjellerup-esport.dk\/index.php\/wp-json\/wp\/v2\/pages"}],"about":[{"href":"http:\/\/www.kjellerup-esport.dk\/index.php\/wp-json\/wp\/v2\/types\/page"}],"author":[{"embeddable":true,"href":"http:\/\/www.kjellerup-esport.dk\/index.php\/wp-json\/wp\/v2\/users\/1"}],"replies":[{"embeddable":true,"href":"http:\/\/www.kjellerup-esport.dk\/index.php\/wp-json\/wp\/v2\/comments?post=62"}],"version-history":[{"count":6,"href":"http:\/\/www.kjellerup-esport.dk\/index.php\/wp-json\/wp\/v2\/pages\/62\/revisions"}],"predecessor-version":[{"id":461,"href":"http:\/\/www.kjellerup-esport.dk\/index.php\/wp-json\/wp\/v2\/pages\/62\/revisions\/461"}],"up":[{"embeddable":true,"href":"http:\/\/www.kjellerup-esport.dk\/index.php\/wp-json\/wp\/v2\/pages\/26"}],"wp:attachment":[{"href":"http:\/\/www.kjellerup-esport.dk\/index.php\/wp-json\/wp\/v2\/media?parent=62"}],"curies":[{"name":"wp","href":"https:\/\/api.w.org\/{rel}","templated":true}]}}