{"id":547,"date":"2024-08-09T09:47:50","date_gmt":"2024-08-09T09:47:50","guid":{"rendered":"http:\/\/www.kjellerup-esport.dk\/?page_id=547"},"modified":"2025-09-15T19:03:34","modified_gmt":"2025-09-15T19:03:34","slug":"fortnite","status":"publish","type":"page","link":"http:\/\/www.kjellerup-esport.dk\/index.php\/fortnite\/","title":{"rendered":"FORTNITE"},"content":{"rendered":"\n<div class=\"wp-block-media-text is-stacked-on-mobile\"><figure class=\"wp-block-media-text__media\"><img loading=\"lazy\" decoding=\"async\" width=\"2560\" height=\"1440\" src=\"http:\/\/www.kjellerup-esport.dk\/wp-content\/uploads\/2024\/08\/Blade_2560x1440_2560x1440-95718a8046a942675a0bc4d27560e2bb.jpeg\" alt=\"\" class=\"wp-image-555 size-full\"\/><\/figure><div class=\"wp-block-media-text__content\">\n<p><\/p>\n\n\n\n<p><\/p>\n\n\n\n<p><strong>Vi mangler dig!!!<\/strong><\/p>\n\n\n\n<p>Vi mangler desv\u00e6rre tr\u00e6nere til Fortnite og derfor kan vi pt. ikke tilbyde et Fortnite hold.<\/p>\n\n\n\n<p>Kunne du v\u00e6re frisk p\u00e5 at v\u00e6re Fortnite tr\u00e6ner, s\u00e5 kontakt os endelig pr. mail eller p\u00e5 Discord.<\/p>\n\n\n\n<p><\/p>\n<\/div><\/div>\n\n\n\n<p>ind!<\/p>\n\n\n\n<div class=\"wp-block-group\"><div class=\"wp-block-group__inner-container is-layout-constrained wp-block-group-is-layout-constrained\"><\/div><\/div>\n","protected":false},"excerpt":{"rendered":"<p>Vi mangler dig!!! Vi mangler desv\u00e6rre tr\u00e6nere til Fortnite og derfor kan vi pt. ikke tilbyde et Fortnite hold. Kunne du v\u00e6re frisk p\u00e5 at v\u00e6re Fortnite tr\u00e6ner, s\u00e5 kontakt os endelig pr. mail eller p\u00e5 Discord. ind!<\/p>\n","protected":false},"author":3,"featured_media":0,"parent":0,"menu_order":0,"comment_status":"closed","ping_status":"closed","template":"","meta":{"footnotes":""},"class_list":["post-547","page","type-page","status-publish","hentry"],"_links":{"self":[{"href":"http:\/\/www.kjellerup-esport.dk\/index.php\/wp-json\/wp\/v2\/pages\/547","targetHints":{"allow":["GET"]}}],"collection":[{"href":"http:\/\/www.kjellerup-esport.dk\/index.php\/wp-json\/wp\/v2\/pages"}],"about":[{"href":"http:\/\/www.kjellerup-esport.dk\/index.php\/wp-json\/wp\/v2\/types\/page"}],"author":[{"embeddable":true,"href":"http:\/\/www.kjellerup-esport.dk\/index.php\/wp-json\/wp\/v2\/users\/3"}],"replies":[{"embeddable":true,"href":"http:\/\/www.kjellerup-esport.dk\/index.php\/wp-json\/wp\/v2\/comments?post=547"}],"version-history":[{"count":8,"href":"http:\/\/www.kjellerup-esport.dk\/index.php\/wp-json\/wp\/v2\/pages\/547\/revisions"}],"predecessor-version":[{"id":593,"href":"http:\/\/www.kjellerup-esport.dk\/index.php\/wp-json\/wp\/v2\/pages\/547\/revisions\/593"}],"wp:attachment":[{"href":"http:\/\/www.kjellerup-esport.dk\/index.php\/wp-json\/wp\/v2\/media?parent=547"}],"curies":[{"name":"wp","href":"https:\/\/api.w.org\/{rel}","templated":true}]}}