{"id":469,"date":"2024-06-07T13:20:53","date_gmt":"2024-06-07T13:20:53","guid":{"rendered":"http:\/\/www.kjellerup-esport.dk\/?page_id=469"},"modified":"2024-06-07T13:30:31","modified_gmt":"2024-06-07T13:30:31","slug":"lokaler","status":"publish","type":"page","link":"http:\/\/www.kjellerup-esport.dk\/index.php\/lokaler\/","title":{"rendered":"LOKALE"},"content":{"rendered":"\n<p>Kjellerup Esport holder til i Arena Midt, Hasselvej 15 i Kjellerup. Her er vi startet ud med sm\u00e5 30m2 som vi har fors\u00f8gt udnytte s\u00e5 godt som muligt. Vi er glade for at det kunne lade sig g\u00f8re at f\u00e5 plads i huset, hvor der i forvejen er et st\u00e6rkt foreningsliv. <\/p>\n\n\n\n<figure class=\"wp-block-gallery has-nested-images columns-default is-cropped wp-block-gallery-1 is-layout-flex wp-block-gallery-is-layout-flex\">\n<figure class=\"wp-block-image size-full\"><img loading=\"lazy\" decoding=\"async\" width=\"577\" height=\"769\" data-id=\"484\" src=\"http:\/\/www.kjellerup-esport.dk\/wp-content\/uploads\/2024\/06\/imageedit_13_7665143157.jpg\" alt=\"\" class=\"wp-image-484\"\/><\/figure>\n\n\n\n<figure class=\"wp-block-image size-full is-style-default\"><img loading=\"lazy\" decoding=\"async\" width=\"577\" height=\"769\" data-id=\"482\" src=\"http:\/\/www.kjellerup-esport.dk\/wp-content\/uploads\/2024\/06\/imageedit_11_7558627151.jpg\" alt=\"\" class=\"wp-image-482\"\/><\/figure>\n\n\n\n<figure class=\"wp-block-image size-large\"><img loading=\"lazy\" decoding=\"async\" width=\"366\" height=\"488\" data-id=\"474\" src=\"http:\/\/www.kjellerup-esport.dk\/wp-content\/uploads\/2024\/06\/imageedit_7_6954455874.jpg\" alt=\"\" class=\"wp-image-474\"\/><\/figure>\n\n\n\n<figure class=\"wp-block-image size-full\"><img loading=\"lazy\" decoding=\"async\" width=\"577\" height=\"769\" data-id=\"485\" src=\"http:\/\/www.kjellerup-esport.dk\/wp-content\/uploads\/2024\/06\/imageedit_15_7006264110.jpg\" alt=\"\" class=\"wp-image-485\"\/><figcaption class=\"wp-element-caption\">oplus_32<\/figcaption><\/figure>\n\n\n\n<figure class=\"wp-block-image size-full\"><img loading=\"lazy\" decoding=\"async\" width=\"577\" height=\"769\" data-id=\"486\" src=\"http:\/\/www.kjellerup-esport.dk\/wp-content\/uploads\/2024\/06\/imageedit_17_9398888991.jpg\" alt=\"\" class=\"wp-image-486\"\/><\/figure>\n<\/figure>\n","protected":false},"excerpt":{"rendered":"<p>Kjellerup Esport holder til i Arena Midt, Hasselvej 15 i Kjellerup. Her er vi startet ud med sm\u00e5 30m2 som vi har fors\u00f8gt udnytte s\u00e5 godt som muligt. Vi er glade for at det kunne lade sig g\u00f8re at f\u00e5 plads i huset, hvor der i forvejen er et st\u00e6rkt foreningsliv.<\/p>\n","protected":false},"author":3,"featured_media":0,"parent":0,"menu_order":0,"comment_status":"closed","ping_status":"closed","template":"","meta":{"footnotes":""},"class_list":["post-469","page","type-page","status-publish","hentry"],"_links":{"self":[{"href":"http:\/\/www.kjellerup-esport.dk\/index.php\/wp-json\/wp\/v2\/pages\/469","targetHints":{"allow":["GET"]}}],"collection":[{"href":"http:\/\/www.kjellerup-esport.dk\/index.php\/wp-json\/wp\/v2\/pages"}],"about":[{"href":"http:\/\/www.kjellerup-esport.dk\/index.php\/wp-json\/wp\/v2\/types\/page"}],"author":[{"embeddable":true,"href":"http:\/\/www.kjellerup-esport.dk\/index.php\/wp-json\/wp\/v2\/users\/3"}],"replies":[{"embeddable":true,"href":"http:\/\/www.kjellerup-esport.dk\/index.php\/wp-json\/wp\/v2\/comments?post=469"}],"version-history":[{"count":6,"href":"http:\/\/www.kjellerup-esport.dk\/index.php\/wp-json\/wp\/v2\/pages\/469\/revisions"}],"predecessor-version":[{"id":487,"href":"http:\/\/www.kjellerup-esport.dk\/index.php\/wp-json\/wp\/v2\/pages\/469\/revisions\/487"}],"wp:attachment":[{"href":"http:\/\/www.kjellerup-esport.dk\/index.php\/wp-json\/wp\/v2\/media?parent=469"}],"curies":[{"name":"wp","href":"https:\/\/api.w.org\/{rel}","templated":true}]}}